d thousands digit of 2599602?
5
What is the ten millions digit of 767030898?
6
What is the thousands digit of 39518531?
8
What is the tens digit of 157690063?
6
What is the units digit of 1361777780?
0
What is the millions digit of 289173872?
9
What is the ten thousands digit of 433723891?
2
What is the ten thousands digit of 293136337?
3
What is the millions digit of 117243321?
7
What is the ten millions digit of 6938394441?
3
What is the millions digit of 4875385?
4
What is the units digit of 94082597?
7
What is the thousands digit of 48981655?
1
What is the ten thousands digit of 1073429254?
2
What is the hundred millions digit of 355216929?
3
What is the hundred millions digit of 1391813024?
3
What is the millions digit of 11507309?
1
What is the units digit of 16100497?
7
What is the units digit of 54608554?
4
What is the tens digit of 223526186?
8
What is the thousands digit of 1253839945?
9
What is the thousands digit of 107143086?
3
What is the millions digit of 2460118495?
0
What is the ten millions digit of 209088243?
0
What is the tens digit of 65818434?
3
What is the ten millions digit of 1853908384?
5
What is the ten thousands digit of 5034908763?
0
What is the hundreds digit of 533287937?
9
What is the tens digit of 34492401?
0
What is the hundred thousands digit of 15439338?
4
What is the ten millions digit of 287592851?
8
What is the hundred millions digit of 567721411?
5
What is the hundreds digit of 169607696?
6
What is the hundred millions digit of 5307083527?
3
What is the hundred thousands digit of 7911659761?
6
What is the tens digit of 28329128?
2
What is the hundreds digit of 33758900?
9
What is the ten millions digit of 4147372157?
4
What is the ten thousands digit of 89150872?
5
What is the thousands digit of 89397950?
7
What is the hundreds digit of 3420326?
3
What is the hundreds digit of 2526901262?
2
What is the hundred thousands digit of 101282843?
2
What is the hundred thousands digit of 102900827?
9
What is the ten millions digit of 243707453?
4
What is the hundreds digit of 32302913?
9
What is the ten millions digit of 467849787?
6
What is the tens digit of 32471932?
3
What is the thousands digit of 13799020?
9
What is the units digit of 339594455?
5
What is the thousands digit of 4973541?
3
What is the hundred thousands digit of 251727253?
7
What is the hundreds digit of 1717718571?
5
What is the hundred thousands digit of 982089348?
0
What is the millions digit of 193071831?
3
What is the hundreds digit of 57321563?
5
What is the hundreds digit of 997526996?
9
What is the hundred millions digit of 850295433?
8
What is the ten millions digit of 35542561?
3
What is the tens digit of 71642585?
8
What is the hundreds digit of 52141048?
0
What is the hundred thousands digit of 52834631?
8
What is the hundreds digit of 16924573?
5
What is the ten thousands digit of 137010923?
1
What is the hundreds digit of 57740877?
8
What is the ten millions digit of 1243383974?
4
What is the hundreds digit of 103320850?
8
What is the hundreds digit of 100006067?
0
What is the millions digit of 645993836?
5
What is the thousands digit of 1786034?
6
What is the ten millions digit of 227866910?
2
What is the hundreds digit of 35359271?
2
What is the hundred millions digit of 5317952176?
3
What is the hundred thousands digit of 202819868?
8
What is the millions digit of 460036231?
0
What is the hundred thousands digit of 7839424?
8
What is the hundred thousands digit of 556292730?
2
What is the hundreds digit of 8721202?
2
What is the millions digit of 1235339642?
5
What is the thousands digit of 23269924?
9
What is the hundred thousands digit of 14495759?
4
What is the ten thousands digit of 364205629?
0
What is the hundred millions digit of 285457387?
2
What is the billions digit of 1038319836?
1
What is the units digit of 31207969?
9
What is the hundreds digit of 45181891?
8
What is the hundreds digit of 37269207?
2
What is the millions digit of 266701542?
6
What is the hundreds digit of 472846209?
2
What is the hundreds digit of 2749560883?
8
What is the units digit of 3254401849?
9
What is the tens digit of 3148507379?
7
What is the thousands digit of 13865340?
5
What is the hundred thousands digit of 10709035?
7
What is the ten thousands digit of 1082082846?
8
What is the tens digit of 617548756?
5
What is the millions digit of 586291708?
6
What is the tens digit of 57071086?
8
What is the units digit of 549156481?
1
What is the tens digit of 132316109?
0
What is the billions digit of 3400387645?
3
What is the ten thousands digit of 1648784?
4
What is the ten millions digit of 160779382?
6
What is the units digit of 1765743309?
9
What is the tens digit of 102196075?
7
What is the hundreds digit of 99831812?
8
What is the units digit of 924530785?
5
What is the hundreds digit of 591418293?
2
What is the ten thousands digit of 2904606477?
0
What is the hundreds digit of 55841438?
4
What is the ten thousands digit of 239228942?
2
What is the hundred thousands digit of 686208061?
2
What is the thousands digit of 969859691?
9
What is the ten thousands digit of 302739771?
3
What is the hundreds digit of 127609997?
9
What is the units digit of 11836393?
3
What is the hundred thousands digit of 209341180?
3
What is the thousands digit of 5867698649?
8
What is the ten millions digit of 36648778?
3
What is the hundreds digit of 449938958?
9
What is the units digit of 23365883?
3
What is the units digit of 27683350?
0
What is the tens digit of 268096?
9
What is the hundred millions digit of 6432050527?
4
What is the hundreds digit of 32902813?
8
What is the thousands digit of 410589090?
9
What is the tens digit of 3738215204?
0
What is the hundreds digit of 7796160?
1
What is the tens digit of 2427788784?
8
What is the hundreds digit of 51332995?
9
What is the ten millions digit of 4631590165?
3
What is the units digit of 279085202?
2
What is the hundred millions digit of 512851788?
5
What is the millions digit of 54813161?
4
What is the hundreds digit of 2718174569?
5
What is the hundred millions digit of 191569560?
1
What is the tens digit of 1123027683?
8
What is the thousands digit of 151633253?
3
What is the hundred thousands digit of 16102834?
1
What is the ten thousands digit of 9404177?
0
What is the ten millions digit of 874831847?
7
What is the hundreds digit of 1819013631?
6
What is the hundred thousands digit of 407236264?
2
What is the ten thousands digit of 4936138?
3
What is the ten millions digit of 34950123?
3
What is the ten thousands digit of 118860193?
6
What is the millions digit of 560348469?
0
What is the millions digit of 214463521?
4
What is the ten thousands digit of 2486055835?
5
What is the ten millions digit of 107824408?
0
What is the ten millions digit of 106588481?
0
What is the thousands digit of 77075536?
5
What is the ten thousands digit of 486136680?
3
What is the millions digit of 720224031?
0
What is the ten millions digit of 33196322?
3
What is the ten thousands digit of 96742597?
4
What is the hundreds digit of 685084225?
2
What is the tens digit of 2864604169?
6
What is the thousands digit of 195096889?
6
What is the tens digit of 295503199?
9
What is the units digit of 462695847?
7
What is the ten millions digit of 26030661?
2
What is the units digit of 43287494?
4
What is the thousands digit of 38600274?
0
What is the millions digit of 1357510825?
7
What is the hundred thousands digit of 276378208?
3
What is the millions digit of 81556609?
1
What is the hundred thousands digit of 28016269?
0
What is the hundred millions digit of 1562620459?
5
What is the millions digit of 28355380?
8
What is the hundred thousands digit of 2109176552?
1
What is the tens digit of 947357936?
3
What is the millions digit of 1984833949?
4
What is the ten thousands digit of 25456019?
5
What is the ten thousands digit of 318798590?
9
What is the hundreds digit of 347748487?
4
What is the billions digit of 1842555745?
1
What is the hundred millions digit of 349675057?
3
What is the hundreds digit of 20359927?
9
What is the hundreds digit of 845975004?
0
What is the millions digit of 104146906?
4
What is the hundred thousands digit of 527794718?
7
What is the hundred thousands digit of 124546067?
5
What is the unit